
In base 2, what is 100 + -1011000?
-1010100
In base 14, what is b87 - -1?
b88
In base 6, what is -3404 - 4?
-3412
In base 11, what is -5 - -110?
106
In base 12, what is 105 + -3?
102
In base 2, what is -101 + 10010?
1101
In base 4, what is 11 + -1332?
-1321
In base 14, what is -3 - -1b?
18
In base 3, what is -11 + -121010?
-121021
In base 4, what is 31 + -121?
-30
In base 13, what is -14482 + -3?
-14485
In base 12, what is -10 + -bb?
-10b
In base 2, what is 100111 + -10010000?
-1101001
In base 16, what is 4 - f21?
-f1d
In base 3, what is 1202 - -1201?
10110
In base 12, what is a15 + 0?
a15
In base 2, what is -110 - -1011110111?
1011110001
In base 8, what is 336 + 100?
436
In base 15, what is -1 + -5c?
-5d
In base 8, what is -441 - 5?
-446
In base 12, what is -43 + 4?
-3b
In base 2, what is -10011101 - 100?
-10100001
In base 12, what is -14 - 124?
-138
In base 8, what is -32 + -6?
-40
In base 4, what is 12212 + 0?
12212
In base 11, what is -2 + 57?
55
In base 5, what is 333 + 4?
342
In base 14, what is 1 - -a?
b
In base 5, what is 31022 - -2?
31024
In base 2, what is -10 + 11000?
10110
In base 8, what is 3507 - 11?
3476
In base 12, what is -811 + 4?
-809
In base 3, what is -21102 - -12?
-21020
In base 16, what is -3 - -5c?
59
In base 9, what is -3 + 26?
23
In base 13, what is -3 + 1774?
1771
In base 5, what is -2212 - -34?
-2123
In base 15, what is -1 - 60?
-61
In base 8, what is 115 - 5?
110
In base 6, what is -13140 - 1?
-13141
In base 5, what is 10 - 4031?
-4021
In base 14, what is -5 + 1cb?
1c6
In base 7, what is -44 + 6?
-35
In base 9, what is 4236 - 0?
4236
In base 13, what is -11 + 33?
22
In base 14, what is -14 + -ad?
-c3
In base 16, what is 3 + -77?
-74
In base 10, what is -685 + 0?
-685
In base 16, what is 3 + d?
10
In base 15, what is b - -6?
12
In base 9, what is -4084 - 3?
-4087
In base 2, what is 0 + 101011100?
101011100
In base 5, what is 11 + -13414?
-13403
In base 10, what is 76 - -2?
78
In base 15, what is 4 - -7?
b
In base 4, what is -1 - 303222?
-303223
In base 3, what is -211200 + 0?
-211200
In base 12, what is -73 + 166?
b3
In base 9, what is 164 - -3?
167
In base 15, what is -d4 + -3?
-d7
In base 12, what is 0 - 3389?
-3389
In base 7, what is -1 - 5144?
-5145
In base 9, what is 718 + 28?
747
In base 11, what is 5 - 262?
-258
In base 8, what is -542 + -4?
-546
In base 4, what is 2133 + 10?
2203
In base 10, what is -3 - -46?
43
In base 6, what is -1202 - 1?
-1203
In base 8, what is 40 + -15?
23
In base 14, what is 7 - -2d?
36
In base 4, what is 12103 + -2?
12101
In base 7, what is 20 - -625?
645
In base 2, what is -11010 - 1100000?
-1111010
In base 4, what is -3 - 3110?
-3113
In base 6, what is 31 + 20?
51
In base 4, what is 11 - 23003?
-22332
In base 12, what is -1764 - -1?
-1763
In base 10, what is 9299 - 1?
9298
In base 13, what is -1245 - -2?
-1243
In base 14, what is 5 + -3aa?
-3a5
In base 13, what is -3950 - -5?
-3948
In base 8, what is 4 + 55?
61
In base 4, what is 1 - -202?
203
In base 13, what is 2 - -2022?
2024
In base 14, what is 9 + -1?
8
In base 10, what is -1470 - -2?
-1468
In base 5, what is -2 + -1030?
-1032
In base 10, what is -4547 + 1?
-4546
In base 6, what is -4335 - -4?
-4331
In base 8, what is -104 + -224?
-330
In base 8, what is 0 - -106?
106
In base 5, what is -12 + -324?
-341
In base 16, what is 14 + -17?
-3
In base 9, what is -13 - -17?
4
In base 12, what is 9b + 5?
a4
In base 11, what is 0 - -52?
52
In base 8, what is 30 + -137?
-107
In base 15, what is 3 + -669?
-666
In base 15, what is 50 - -4?
54
In base 6, what is 5 - -1304?
1313
In base 9, what is 26 + 120?
146
In base 5, what is 30 - 2324?
-2244
In base 10, what is -57 - -3?
-54
In base 16, what is 2 + -13?
-11
In base 6, what is -51451 + -2?
-51453
In base 8, what is -1 - 3555?
-3556
In base 2, what is 100 + -1100011?
-1011111
In base 15, what is -d1 + 7?
-c9
In base 12, what is 14b + 7?
156
In base 10, what is 0 + 337?
337
In base 14, what is -139 + -4?
-13d
In base 4, what is 311 + 10?
321
In base 14, what is -91 + 42?
-4d
In base 15, what is 12 - 37c?
-36a
In base 7, what is -5533 - 0?
-5533
In base 15, what is 4 + 1?
5
In base 14, what is -39 + -3?
-3c
In base 6, what is 100 - -51?
151
In base 15, what is -8ae + b?
-8a3
In base 8, what is -2 + -717?
-721
In base 6, what is -241 + 10?
-231
In base 2, what is 100 + -11100101?
-11100001
In base 2, what is 1000010 + -111?
111011
In base 9, what is -11105 - 5?
-11111
In base 8, what is 1 - -117?
120
In base 7, what is -41162 + -2?
-41164
In base 11, what is 120 - -12?
132
In base 12, what is 7 - -52?
59
In base 14, what is 0 - 1?
-1
In base 16, what is -c - -8?
-4
In base 2, what is -101011 + -1110?
-111001
In base 12, what is 3 + 245?
248
In base 5, what is -24 + -233?
-312
In base 7, what is -545 - 1?
-546
In base 9, what is 1537 + 0?
1537
In base 6, what is 51 + 11?
102
In base 10, what is -28470 + -4?
-28474
In base 9, what is -24 - 1076?
-1111
In base 9, what is -61667 - 1?
-61668
In base 16, what is -7 + 22?
1b
In base 12, what is -5051 - 3?
-5054
In base 15, what is -4 + -5a?
-5e
In base 7, what is -14112 + 4?
-14105
In base 9, what is -3 + -3644?
-3647
In base 12, what is 28b + -1?
28a
In base 8, what is -60 + 36?
-22
In base 11, what is -12451 - 0?
-12451
In base 5, what is 0 - 144?
-144
In base 12, what is -9 + 93?
86
In base 9, what is -1 - -1155?
1154
In base 15, what is -244 - 8?
-24c
In base 10, what is -5 - 4?
-9
In base 13, what is -1 + 60?
5c
In base 6, what is 333 + 34?
411
In base 8, what is -4 - 267?
-273
In base 10, what is -240 - 5?
-245
In base 2, what is -100100 - -100101010?
100000110
In base 16, what is 24 + -1e?
6
In base 2, what is 110101 - 0?
110101
In base 2, what is 1 - -11110000010?
11110000011
In base 15, what is 1 + -5c?
-5b
In base 14, what is 1 + a?
b
In base 8, what is -2613 + 4?
-2607
In base 16, what is -7 - d?
-14
In base 9, what is 1 + -1?
0
In base 9, what is 1 - -4813?
4814
In base 15, what is 146 + 6?
14c
In base 15, what is 11b + -5?
116
In base 13, what is -4 - c?
-13
In base 4, what is -10 - -23320?
23310
In base 5, what is -12 + -1011?
-1023
In base 13, what is -8 - 6?
-11
In base 15, what is -18 - -1c?
4
In base 11, what is -580 - -8?
-573
In base 15, what is -a - 14?
-1e
In base 8, what is 43 + -2?
41
In base 5, what is 2301 - 31?
2220
In base 16, what is 0 - c7?
-c7
In base 6, what is 4 - -1334?
1342
In base 5, what is 23 + 32?
110
In base 13, what is -63 - 1?
-64
In base 8, what is -4145 + 0?
-4145
In base 13, what is 5 + -162?
-15a
In base 8, what is 0 - -1313?
1313
In base 2, what is -1001 - -1011000?
1001111
In base 16, what is 0 - 33?
-33
In base 2, what is 100111 - 100010?
101
In base 11, what is -7 + 43?
37
In base 2, what is 110 - 110?
0
In base 14, what is 4 - 298?
-294
In base 3, what is 110010 + -11?
102222
In base 13, what is 1976 + 1?
1977
In base 12, what is 5 - 7?
-2
In base 6, what is -22 + -1?
-23
In base 14, what is 3065 - 3?
3062
In base 13, what is 5 + -1?
4
In base 3, what is -11202 + 2200?
-2002
In base 6, what is -10 + 1241?
1231
In base 2, what is 101 - -1101011001011?
1101011010000
In base 11, what is -19 - -87?
69
In base 2, what is -1011011110001 + 0?
-1011011110001
In base 8, what is 0 - -76?
76
In base 10, what is -221 + -4?
-225
In base 11, what is 3002 + 4?
3006
In base 15, what is 3 - 360?
-35c
In base 5, what is -10 - -11131?
11121
In base 15, what is -c1 - -82?
-3e
In base 9, what is -4 + -366?
-371
In base 10, what is -14 + -229?
-243
In base 6, what is 2 - 2344?
-2342
In base 13, what is 16 - -a?
23
In base 4, what is -13 + -1101?
-1120
In base 15, what is -5 + 4?
-1
In base 12, what is 609 + 1?
60a
In base 9, what is 3 - -102?
105
In base 4, what is -1101 - -11?
-1030
In base 2, what is -1011 + 1111?
100
In base 5, what is 12 - 203?
-141
In base 12, what is -114 - 1?
-115
In base 4, what is -332 - 32?
-1030
In base 4, what is 1 - -100030?
100031
In base 13, what is 342 + 1?
343
In base 12, what is -3 + -92?
-95
In base 4, what is -1203 - -333?
-210
In base 6, what is 1 - 543?
-542
In base 11, what is -129 + -2?
-130
In base 8, what is -1 - 156?
-157
In base 12, what is 19 + -3?
16
In base 16, what is a31 - 0?
a31
In base 16, what is -21 - -18c?
16b
In base 16, what is -2e0 - -2?
-2de
In base 14, wha